{"id":17,"date":"2016-10-21T19:24:46","date_gmt":"2016-10-21T17:24:46","guid":{"rendered":"http:\/\/www.lamaisonduguil.com\/blog\/?page_id=17"},"modified":"2019-06-04T09:53:07","modified_gmt":"2019-06-04T07:53:07","slug":"a-propos-de-nous","status":"publish","type":"page","link":"https:\/\/www.lamaisonduguil.com\/blog\/a-propos-de-nous\/","title":{"rendered":"A propos de nous"},"content":{"rendered":"\t\t<div data-elementor-type=\"wp-post\" data-elementor-id=\"17\" class=\"elementor elementor-17\">\n\t\t\t\t\t\t<section class=\"elementor-section elementor-top-section elementor-element elementor-element-60390dc elementor-section-boxed elementor-section-height-default elementor-section-height-default\" data-id=\"60390dc\" data-element_type=\"section\" data-e-type=\"section\">\n\t\t\t\t\t\t<div class=\"elementor-container elementor-column-gap-default\">\n\t\t\t\t\t<div class=\"elementor-column elementor-col-50 elementor-top-column elementor-element elementor-element-fcaa5f3\" data-id=\"fcaa5f3\" data-element_type=\"column\" data-e-type=\"column\">\n\t\t\t<div class=\"elementor-widget-wrap elementor-element-populated\">\n\t\t\t\t\t\t<div class=\"elementor-element elementor-element-56c7225 elementor-widget elementor-widget-image\" data-id=\"56c7225\" data-element_type=\"widget\" data-e-type=\"widget\" data-widget_type=\"image.default\">\n\t\t\t\t<div class=\"elementor-widget-container\">\n\t\t\t\t\t\t\t\t\t\t\t\t\t\t\t<img fetchpriority=\"high\" decoding=\"async\" width=\"1024\" height=\"768\" src=\"https:\/\/www.lamaisonduguil.com\/blog\/wp-content\/uploads\/2018\/07\/Le-Guil-apr\u00e8s-le-pont-du-Simoust-1024x768.jpg\" class=\"attachment-large size-large wp-image-951\" alt=\"Le Guil, apr\u00e8s le pont du Simoust\" srcset=\"https:\/\/www.lamaisonduguil.com\/blog\/wp-content\/uploads\/2018\/07\/Le-Guil-apr\u00e8s-le-pont-du-Simoust-1024x768.jpg 1024w, https:\/\/www.lamaisonduguil.com\/blog\/wp-content\/uploads\/2018\/07\/Le-Guil-apr\u00e8s-le-pont-du-Simoust-300x225.jpg 300w, https:\/\/www.lamaisonduguil.com\/blog\/wp-content\/uploads\/2018\/07\/Le-Guil-apr\u00e8s-le-pont-du-Simoust-768x576.jpg 768w, https:\/\/www.lamaisonduguil.com\/blog\/wp-content\/uploads\/2018\/07\/Le-Guil-apr\u00e8s-le-pont-du-Simoust-830x623.jpg 830w, https:\/\/www.lamaisonduguil.com\/blog\/wp-content\/uploads\/2018\/07\/Le-Guil-apr\u00e8s-le-pont-du-Simoust-230x173.jpg 230w, https:\/\/www.lamaisonduguil.com\/blog\/wp-content\/uploads\/2018\/07\/Le-Guil-apr\u00e8s-le-pont-du-Simoust-350x263.jpg 350w, https:\/\/www.lamaisonduguil.com\/blog\/wp-content\/uploads\/2018\/07\/Le-Guil-apr\u00e8s-le-pont-du-Simoust-480x360.jpg 480w, https:\/\/www.lamaisonduguil.com\/blog\/wp-content\/uploads\/2018\/07\/Le-Guil-apr\u00e8s-le-pont-du-Simoust-250x188.jpg 250w, https:\/\/www.lamaisonduguil.com\/blog\/wp-content\/uploads\/2018\/07\/Le-Guil-apr\u00e8s-le-pont-du-Simoust-550x413.jpg 550w, https:\/\/www.lamaisonduguil.com\/blog\/wp-content\/uploads\/2018\/07\/Le-Guil-apr\u00e8s-le-pont-du-Simoust-800x600.jpg 800w, https:\/\/www.lamaisonduguil.com\/blog\/wp-content\/uploads\/2018\/07\/Le-Guil-apr\u00e8s-le-pont-du-Simoust-240x180.jpg 240w, https:\/\/www.lamaisonduguil.com\/blog\/wp-content\/uploads\/2018\/07\/Le-Guil-apr\u00e8s-le-pont-du-Simoust-400x300.jpg 400w, https:\/\/www.lamaisonduguil.com\/blog\/wp-content\/uploads\/2018\/07\/Le-Guil-apr\u00e8s-le-pont-du-Simoust-667x500.jpg 667w, https:\/\/www.lamaisonduguil.com\/blog\/wp-content\/uploads\/2018\/07\/Le-Guil-apr\u00e8s-le-pont-du-Simoust.jpg 1300w\" sizes=\"(max-width: 1024px) 100vw, 1024px\" \/>\t\t\t\t\t\t\t\t\t\t\t\t\t\t\t<\/div>\n\t\t\t\t<\/div>\n\t\t\t\t\t<\/div>\n\t\t<\/div>\n\t\t\t\t<div class=\"elementor-column elementor-col-50 elementor-top-column elementor-element elementor-element-b932932\" data-id=\"b932932\" data-element_type=\"column\" data-e-type=\"column\">\n\t\t\t<div class=\"elementor-widget-wrap elementor-element-populated\">\n\t\t\t\t\t\t<div class=\"elementor-element elementor-element-8eca67d elementor-widget elementor-widget-text-editor\" data-id=\"8eca67d\" data-element_type=\"widget\" data-e-type=\"widget\" data-widget_type=\"text-editor.default\">\n\t\t\t\t<div class=\"elementor-widget-container\">\n\t\t\t\t\t\t\t\t\t<p>Nous sommes 2 Belges, venus nous installer dans les Hautes Alpes en Avril 2012. \u00a0Nous g\u00e9rons une maison d&rsquo;h\u00f4tes, la Maison du Guil dans le hameau de la\u00a0Font d&rsquo;Eygliers. \u00a0Le Hameau est surnomm\u00e9 \u00ab\u00a0le Petit Nice\u00a0\u00bb \u00e0 cause de son micro climat, tr\u00e8s ensoleill\u00e9 et \u00e0 l&rsquo;abris du vent. \u00a0<\/p><p>Depuis notre arriv\u00e9, nous avons d\u00e9couvert une r\u00e9gion magnifique, qui m\u00e9rite la d\u00e9couverte en toutes saisons et nous esp\u00e9rons avec ce blog partager sa beaut\u00e9 avec vous.<\/p>\t\t\t\t\t\t\t\t<\/div>\n\t\t\t\t<\/div>\n\t\t\t\t\t<\/div>\n\t\t<\/div>\n\t\t\t\t\t<\/div>\n\t\t<\/section>\n\t\t\t\t<\/div>\n\t\t","protected":false},"excerpt":{"rendered":"<p>Nous sommes 2 Belges, venus nous installer dans les Hautes Alpes en Avril 2012. &nbsp;Nous g\u00e9rons une maison d&rsquo;h\u00f4tes, la Maison du Guil dans le hameau de la&nbsp;Font d&rsquo;Eygliers. &nbsp;Le Hameau est surnomm\u00e9 \u00ab\u00a0le Petit Nice\u00a0\u00bb \u00e0 cause de son micro climat, tr\u00e8s ensoleill\u00e9 et \u00e0 l&rsquo;abris du vent. &nbsp; Depuis notre arriv\u00e9, nous avons [&hellip;]<\/p>\n","protected":false},"author":2,"featured_media":0,"parent":0,"menu_order":0,"comment_status":"closed","ping_status":"closed","template":"elementor_header_footer","meta":{"site-sidebar-layout":"no-sidebar","site-content-layout":"page-builder","ast-site-content-layout":"default","site-content-style":"default","site-sidebar-style":"default","ast-global-header-display":"","ast-banner-title-visibility":"","ast-main-header-display":"","ast-hfb-above-header-display":"","ast-hfb-below-header-display":"","ast-hfb-mobile-header-display":"","site-post-title":"disabled","ast-breadcrumbs-content":"","ast-featured-img":"disabled","footer-sml-layout":"","theme-transparent-header-meta":"default","adv-header-id-meta":"","stick-header-meta":"","header-above-stick-meta":"","header-main-stick-meta":"","header-below-stick-meta":"","astra-migrate-meta-layouts":"default","ast-page-background-enabled":"default","ast-page-background-meta":{"desktop":{"background-color":"","background-image":"","background-repeat":"repeat","background-position":"center center","background-size":"auto","background-attachment":"scroll","background-type":"","background-media":"","overlay-type":"","overlay-color":"","overlay-opacity":"","overlay-gradient":""},"tablet":{"background-color":"","background-image":"","background-repeat":"repeat","background-position":"center center","background-size":"auto","background-attachment":"scroll","background-type":"","background-media":"","overlay-type":"","overlay-color":"","overlay-opacity":"","overlay-gradient":""},"mobile":{"background-color":"","background-image":"","background-repeat":"repeat","background-position":"center center","background-size":"auto","background-attachment":"scroll","background-type":"","background-media":"","overlay-type":"","overlay-color":"","overlay-opacity":"","overlay-gradient":""}},"ast-content-background-meta":{"desktop":{"background-color":"var(--ast-global-color-5)","background-image":"","background-repeat":"repeat","background-position":"center center","background-size":"auto","background-attachment":"scroll","background-type":"","background-media":"","overlay-type":"","overlay-color":"","overlay-opacity":"","overlay-gradient":""},"tablet":{"background-color":"var(--ast-global-color-5)","background-image":"","background-repeat":"repeat","background-position":"center center","background-size":"auto","background-attachment":"scroll","background-type":"","background-media":"","overlay-type":"","overlay-color":"","overlay-opacity":"","overlay-gradient":""},"mobile":{"background-color":"var(--ast-global-color-5)","background-image":"","background-repeat":"repeat","background-position":"center center","background-size":"auto","background-attachment":"scroll","background-type":"","background-media":"","overlay-type":"","overlay-color":"","overlay-opacity":"","overlay-gradient":""}},"ngg_post_thumbnail":0,"footnotes":""},"class_list":["post-17","page","type-page","status-publish","hentry"],"yoast_head":"<!-- This site is optimized with the Yoast SEO plugin v27.5 - https:\/\/yoast.com\/product\/yoast-seo-wordpress\/ -->\n<title>A propos de nous - La Maison du Guil - Le Blog<\/title>\n<meta name=\"robots\" content=\"noindex, follow\" \/>\n<meta property=\"og:locale\" content=\"fr_FR\" \/>\n<meta property=\"og:type\" content=\"article\" \/>\n<meta property=\"og:title\" content=\"A propos de nous - La Maison du Guil - Le Blog\" \/>\n<meta property=\"og:description\" content=\"Nous sommes 2 Belges, venus nous installer dans les Hautes Alpes en Avril 2012. &nbsp;Nous g\u00e9rons une maison d&rsquo;h\u00f4tes, la Maison du Guil dans le hameau de la&nbsp;Font d&rsquo;Eygliers. &nbsp;Le Hameau est surnomm\u00e9 \u00ab\u00a0le Petit Nice\u00a0\u00bb \u00e0 cause de son micro climat, tr\u00e8s ensoleill\u00e9 et \u00e0 l&rsquo;abris du vent. &nbsp; Depuis notre arriv\u00e9, nous avons [&hellip;]\" \/>\n<meta property=\"og:url\" content=\"https:\/\/www.lamaisonduguil.com\/blog\/a-propos-de-nous\/\" \/>\n<meta property=\"og:site_name\" content=\"La Maison du Guil - Le Blog\" \/>\n<meta property=\"article:publisher\" content=\"http:\/\/www.facebook.com\/lamaisonduguil\" \/>\n<meta property=\"article:modified_time\" content=\"2019-06-04T07:53:07+00:00\" \/>\n<meta property=\"og:image\" content=\"https:\/\/www.lamaisonduguil.com\/blog\/wp-content\/uploads\/2018\/07\/Le-Guil-apr\u00e8s-le-pont-du-Simoust-1024x768.jpg\" \/>\n<meta name=\"twitter:card\" content=\"summary_large_image\" \/>\n<script type=\"application\/ld+json\" class=\"yoast-schema-graph\">{\"@context\":\"https:\\\/\\\/schema.org\",\"@graph\":[{\"@type\":\"WebPage\",\"@id\":\"https:\\\/\\\/www.lamaisonduguil.com\\\/blog\\\/a-propos-de-nous\\\/\",\"url\":\"https:\\\/\\\/www.lamaisonduguil.com\\\/blog\\\/a-propos-de-nous\\\/\",\"name\":\"A propos de nous - La Maison du Guil - Le Blog\",\"isPartOf\":{\"@id\":\"https:\\\/\\\/www.lamaisonduguil.com\\\/blog\\\/#website\"},\"datePublished\":\"2016-10-21T17:24:46+00:00\",\"dateModified\":\"2019-06-04T07:53:07+00:00\",\"breadcrumb\":{\"@id\":\"https:\\\/\\\/www.lamaisonduguil.com\\\/blog\\\/a-propos-de-nous\\\/#breadcrumb\"},\"inLanguage\":\"fr-FR\",\"potentialAction\":[{\"@type\":\"ReadAction\",\"target\":[\"https:\\\/\\\/www.lamaisonduguil.com\\\/blog\\\/a-propos-de-nous\\\/\"]}]},{\"@type\":\"BreadcrumbList\",\"@id\":\"https:\\\/\\\/www.lamaisonduguil.com\\\/blog\\\/a-propos-de-nous\\\/#breadcrumb\",\"itemListElement\":[{\"@type\":\"ListItem\",\"position\":1,\"name\":\"Accueil\",\"item\":\"https:\\\/\\\/www.lamaisonduguil.com\\\/blog\\\/\"},{\"@type\":\"ListItem\",\"position\":2,\"name\":\"A propos de nous\"}]},{\"@type\":\"WebSite\",\"@id\":\"https:\\\/\\\/www.lamaisonduguil.com\\\/blog\\\/#website\",\"url\":\"https:\\\/\\\/www.lamaisonduguil.com\\\/blog\\\/\",\"name\":\"La Maison du Guil - Le Blog\",\"description\":\"Un blog pour vous aider \u00e0 d\u00e9couvrir notre belle r\u00e9gion\",\"publisher\":{\"@id\":\"https:\\\/\\\/www.lamaisonduguil.com\\\/blog\\\/#organization\"},\"potentialAction\":[{\"@type\":\"SearchAction\",\"target\":{\"@type\":\"EntryPoint\",\"urlTemplate\":\"https:\\\/\\\/www.lamaisonduguil.com\\\/blog\\\/?s={search_term_string}\"},\"query-input\":{\"@type\":\"PropertyValueSpecification\",\"valueRequired\":true,\"valueName\":\"search_term_string\"}}],\"inLanguage\":\"fr-FR\"},{\"@type\":\"Organization\",\"@id\":\"https:\\\/\\\/www.lamaisonduguil.com\\\/blog\\\/#organization\",\"name\":\"La Maison du Guil - Le Blog\",\"url\":\"https:\\\/\\\/www.lamaisonduguil.com\\\/blog\\\/\",\"logo\":{\"@type\":\"ImageObject\",\"inLanguage\":\"fr-FR\",\"@id\":\"https:\\\/\\\/www.lamaisonduguil.com\\\/blog\\\/#\\\/schema\\\/logo\\\/image\\\/\",\"url\":\"https:\\\/\\\/www.lamaisonduguil.com\\\/blog\\\/wp-content\\\/uploads\\\/2016\\\/09\\\/logo2.gif\",\"contentUrl\":\"https:\\\/\\\/www.lamaisonduguil.com\\\/blog\\\/wp-content\\\/uploads\\\/2016\\\/09\\\/logo2.gif\",\"width\":207,\"height\":207,\"caption\":\"La Maison du Guil - Le Blog\"},\"image\":{\"@id\":\"https:\\\/\\\/www.lamaisonduguil.com\\\/blog\\\/#\\\/schema\\\/logo\\\/image\\\/\"},\"sameAs\":[\"http:\\\/\\\/www.facebook.com\\\/lamaisonduguil\"]}]}<\/script>\n<!-- \/ Yoast SEO plugin. -->","yoast_head_json":{"title":"A propos de nous - La Maison du Guil - Le Blog","robots":{"index":"noindex","follow":"follow"},"og_locale":"fr_FR","og_type":"article","og_title":"A propos de nous - La Maison du Guil - Le Blog","og_description":"Nous sommes 2 Belges, venus nous installer dans les Hautes Alpes en Avril 2012. &nbsp;Nous g\u00e9rons une maison d&rsquo;h\u00f4tes, la Maison du Guil dans le hameau de la&nbsp;Font d&rsquo;Eygliers. &nbsp;Le Hameau est surnomm\u00e9 \u00ab\u00a0le Petit Nice\u00a0\u00bb \u00e0 cause de son micro climat, tr\u00e8s ensoleill\u00e9 et \u00e0 l&rsquo;abris du vent. &nbsp; Depuis notre arriv\u00e9, nous avons [&hellip;]","og_url":"https:\/\/www.lamaisonduguil.com\/blog\/a-propos-de-nous\/","og_site_name":"La Maison du Guil - Le Blog","article_publisher":"http:\/\/www.facebook.com\/lamaisonduguil","article_modified_time":"2019-06-04T07:53:07+00:00","og_image":[{"url":"https:\/\/www.lamaisonduguil.com\/blog\/wp-content\/uploads\/2018\/07\/Le-Guil-apr\u00e8s-le-pont-du-Simoust-1024x768.jpg","type":"","width":"","height":""}],"twitter_card":"summary_large_image","schema":{"@context":"https:\/\/schema.org","@graph":[{"@type":"WebPage","@id":"https:\/\/www.lamaisonduguil.com\/blog\/a-propos-de-nous\/","url":"https:\/\/www.lamaisonduguil.com\/blog\/a-propos-de-nous\/","name":"A propos de nous - La Maison du Guil - Le Blog","isPartOf":{"@id":"https:\/\/www.lamaisonduguil.com\/blog\/#website"},"datePublished":"2016-10-21T17:24:46+00:00","dateModified":"2019-06-04T07:53:07+00:00","breadcrumb":{"@id":"https:\/\/www.lamaisonduguil.com\/blog\/a-propos-de-nous\/#breadcrumb"},"inLanguage":"fr-FR","potentialAction":[{"@type":"ReadAction","target":["https:\/\/www.lamaisonduguil.com\/blog\/a-propos-de-nous\/"]}]},{"@type":"BreadcrumbList","@id":"https:\/\/www.lamaisonduguil.com\/blog\/a-propos-de-nous\/#breadcrumb","itemListElement":[{"@type":"ListItem","position":1,"name":"Accueil","item":"https:\/\/www.lamaisonduguil.com\/blog\/"},{"@type":"ListItem","position":2,"name":"A propos de nous"}]},{"@type":"WebSite","@id":"https:\/\/www.lamaisonduguil.com\/blog\/#website","url":"https:\/\/www.lamaisonduguil.com\/blog\/","name":"La Maison du Guil - Le Blog","description":"Un blog pour vous aider \u00e0 d\u00e9couvrir notre belle r\u00e9gion","publisher":{"@id":"https:\/\/www.lamaisonduguil.com\/blog\/#organization"},"potentialAction":[{"@type":"SearchAction","target":{"@type":"EntryPoint","urlTemplate":"https:\/\/www.lamaisonduguil.com\/blog\/?s={search_term_string}"},"query-input":{"@type":"PropertyValueSpecification","valueRequired":true,"valueName":"search_term_string"}}],"inLanguage":"fr-FR"},{"@type":"Organization","@id":"https:\/\/www.lamaisonduguil.com\/blog\/#organization","name":"La Maison du Guil - Le Blog","url":"https:\/\/www.lamaisonduguil.com\/blog\/","logo":{"@type":"ImageObject","inLanguage":"fr-FR","@id":"https:\/\/www.lamaisonduguil.com\/blog\/#\/schema\/logo\/image\/","url":"https:\/\/www.lamaisonduguil.com\/blog\/wp-content\/uploads\/2016\/09\/logo2.gif","contentUrl":"https:\/\/www.lamaisonduguil.com\/blog\/wp-content\/uploads\/2016\/09\/logo2.gif","width":207,"height":207,"caption":"La Maison du Guil - Le Blog"},"image":{"@id":"https:\/\/www.lamaisonduguil.com\/blog\/#\/schema\/logo\/image\/"},"sameAs":["http:\/\/www.facebook.com\/lamaisonduguil"]}]}},"_links":{"self":[{"href":"https:\/\/www.lamaisonduguil.com\/blog\/wp-json\/wp\/v2\/pages\/17","targetHints":{"allow":["GET"]}}],"collection":[{"href":"https:\/\/www.lamaisonduguil.com\/blog\/wp-json\/wp\/v2\/pages"}],"about":[{"href":"https:\/\/www.lamaisonduguil.com\/blog\/wp-json\/wp\/v2\/types\/page"}],"author":[{"embeddable":true,"href":"https:\/\/www.lamaisonduguil.com\/blog\/wp-json\/wp\/v2\/users\/2"}],"replies":[{"embeddable":true,"href":"https:\/\/www.lamaisonduguil.com\/blog\/wp-json\/wp\/v2\/comments?post=17"}],"version-history":[{"count":0,"href":"https:\/\/www.lamaisonduguil.com\/blog\/wp-json\/wp\/v2\/pages\/17\/revisions"}],"wp:attachment":[{"href":"https:\/\/www.lamaisonduguil.com\/blog\/wp-json\/wp\/v2\/media?parent=17"}],"curies":[{"name":"wp","href":"https:\/\/api.w.org\/{rel}","templated":true}]}}